?
6
Let i = 25 - 33. What is the units digit of (-2)/i - 31/(-4)?
8
Let d(i) = i**2 - 3*i - 178. Let y(r) = r**2 - 4*r - 177. Let v(z) = -3*d(z) + 2*y(z). What is the hundreds digit of v(0)?
1
Suppose -s + 6*s = 5*p + 190, 0 = -4*p + 2*s - 158. What is the units digit of p/(-8) + 5/(-40)?
5
Let f be 2 + 2469/15 + 6/15. Let a = f - 5. What is the hundreds digit of a?
1
Let c = 5 + 5. Suppose -c = -3*s - 1. Suppose -s*n = 4*h - 43, -h + 4*n = 4*h - 77. What is the tens digit of h?
1
Suppose -3*x - x - 72 = 0. Let h(r) = 63*r - 56. Let o be h(1). Let s = o - x. What is the tens digit of s?
2
Suppose -2*s + 4*s = -20. Let f = s - -22. What is the units digit of f?
2
Let k = -985 - -2134. What is the units digit of k?
9
Let q(v) = -v + 13. Let n be q(8). Suppose 3*m + 8 = -n*s + 7*m, -5*m = -2*s - 10. Suppose -4*b + 4*z = -s*z - 20, 19 = 3*b - 2*z. What is the units digit of b?
9
Suppose 18*t - 19*t + 4*x = -2454, 0 = -4*t - 4*x + 9736. What is the hundreds digit of t?
4
Let w(c) = 13*c**2 + c + 2. What is the units digit of w(4)?
4
What is the hundreds digit of 546 + -2 + (-4)/(-16)*0?
5
Suppose 6*l - 3*m = 8442, 0*l - 5656 = -4*l - 5*m. What is the thousands digit of l?
1
Suppose 3*v + 700 = 10*v. What is the hundreds digit of v?
1
Let r(a) = a**3 + 5*a**2 - a - 2. Let f be r(-5). Suppose 2*h - 44 = -5*y, -y + 2*y = -f*h + 40. Let g(s) = -s**2 + 15*s - 11. What is the units digit of g(h)?
5
Let g = 33 - 93. Let a(p) = -4*p**2 + 9*p. Let z be a(4). Let j = z - g. What is the units digit of j?
2
Let g = 10 - -2. What is the units digit of ((-184)/g + 4)*-3?
4
Suppose -485 = 5*t - 3170. What is the tens digit of t?
3
Let m = 1296 + -955. What is the hundreds digit of m?
3
Let j = 478 + -145. Suppose 69 = p + i, -5*p + 0*i - i + j = 0. Suppose 0 = -3*t - 15 + p. What is the tens digit of t?
1
Let f(q) = -9 + 3 - 2 - 1 - 8*q**2 + 2*q**3 + 4*q. Let v be f(6). Suppose v - 39 = 6*b. What is the units digit of b?
0
Let f(c) = -c**2 + 8*c - 4. Let x be f(7). Let b = 4 - x. What is the tens digit of b/(1 + (-26)/28)?
1
Let u(b) = 5*b + 53. What is the hundreds digit of u(27)?
1
Let n be 1 - 0 - -3 - 19. Let y = 49 - n. What is the tens digit of y?
6
Let p(b) = 2*b + 46. Let v be 204/(-10) + 2*2/10. What is the units digit of p(v)?
6
What is the tens digit of -1 + 2476*6/24?
1
What is the hundreds digit of 7400/(7 + 1) - -5?
9
Let c(l) = -7*l**3 + 15*l**2 - 16*l + 13. Let m(n) = -3*n**3 + 7*n**2 - 8*n + 6. Let a(r) = -4*c(r) + 9*m(r). What is the tens digit of a(3)?
3
What is the units digit of 2 + (-2)/8*0?
2
Suppose 2*j - 2*k = j + 3390, 4*k = -12. What is the hundreds digit of j?
3
Suppose 852 - 267 = 5*b. Suppose 2*h + 3*s = 116, -3*h + 5*s + b + 57 = 0. What is the tens digit of h?
5
Let g be (-4 + 3)*0/(-1). Suppose -2*s + 5*c = -29, g = 4*s - c - 3*c - 28. Suppose -3*v + 2*o = -105, 0 = -s*v + 2*o + 95 - 27. What is the units digit of v?
7
Let w(v) be the third derivative of -v**6/120 - v**5/10 - v**4/6 - 7*v**3/2 - 18*v**2. What is the tens digit of w(-7)?
5
Let c(x) = -1061*x - 2. What is the tens digit of c(-1)?
5
Let k = -2050 - -3094. What is the tens digit of k?
4
Let a be 8 + -4 + -1 - -27. What is the units digit of (-184)/6*a/(-20)?
6
Suppose -1439 - 1151 = -5*t. Suppose 5*w - 3*k - 396 = 253, 3*k + t = 4*w. What is the units digit of w?
1
Suppose 2645 = 2*v - b, -5*v - b = -1452 - 5178. What is the thousands digit of v?
1
Suppose -s - s + 6 = 0. Let q(r) = 4*r**3 + 3*r**2 - 2*r + 1. What is the hundreds digit of q(s)?
1
Let z be 2 + (1282/18 - (-8)/(-36)). What is the units digit of 1 - (-3 - -2)*z?
4
Let j(d) = d. Let s(p) be the first derivative of 3*p**2 - 2*p + 7. Let k(c) = 6*j(c) + s(c). What is the tens digit of k(1)?
1
Let p(j) = -2*j**2 - 3*j - 6. Let v be p(-4). Let b = v - -11. Let c(a) = a**3 + 14*a**2 - 14*a + 21. What is the units digit of c(b)?
6
Suppose 7*t = 14 + 14. Suppose 0 = 4*s + t, 0*s + 384 = 4*i - 4*s. What is the units digit of i?
5
Let m(r) = -16*r**3 - 9*r**2 + r + 7 - r**2 + 17*r**3. What is the tens digit of m(10)?
1
Let g(y) = y**3 + 4*y**2 - 2. Let l be g(-5). Let h be (l - 3)*1/(-3). Let a = 12 - h. What is the units digit of a?
2
Suppose -2*x = -6*x - 2*h - 34, -31 = 4*x + h. Let f = x - -27. What is the units digit of f?
0
Suppose 0*b = 3*b + 30. Let w(y) = 2*y**2 + 15*y + 3. What is the tens digit of w(b)?
5
Let p be (1 - -21)/(2 + -1). Let u = p - 11. Suppose k - 10 = u. What is the units digit of k?
1
Let n(r) = r**3 + 12*r**2 + 25*r + 2. What is the tens digit of n(-9)?
2
Let u(x) = -x**3 + 12*x**2 + 2*x - 23. Let z be u(12). What is the units digit of z/(-2) - 310/(-4)?
7
Suppose 13*t - 12*t = 0. Suppose 2 = -5*h - 5*u + 7, t = -5*h + 5*u + 35. Suppose h*o - 104 = -0*o + 4*p, -o + 5*p + 22 = 0. What is the tens digit of o?
2
Suppose 0 = -2*w - 3*b + 31, 0*w - 2*w + 2*b + 26 = 0. What is the units digit of w?
4
Let k(s) be the second derivative of -s**5/20 - s**4/12 - s**3/3 - s**2/2 + 7*s. What is the tens digit of k(-4)?
5
Let s(d) = -d**3 + d**2 + 4. Let o = -10 + 10. Let h be s(o). What is the units digit of (-44)/10*(-20)/h?
2
Suppose 0 = -0*m + 4*m - 8. Let o(y) = y**3 + y**2 - y + 1. What is the units digit of o(m)?
1
Let i(g) = -9*g**2 + 7*g + 2. Let o(a) = -4*a**2 + 4*a + 1. Let v(t) = 3*i(t) - 7*o(t). What is the units digit of v(-7)?
7
Let v(k) = -3*k + 20. Let l(y) = -4*y + 19. Let t(u) = 4*l(u) - 3*v(u). What is the units digit of t(-6)?
8
What is the thousands digit of (-10)/(-2 - (-263)/132) + -3?
1
Suppose 0 = -3*c + 3*r + 474, -c - 5*r + 474 = 2*c. Suppose -2*g + 3 = -3. Suppose -d - 2*u + 104 = d, 0 = g*d + 2*u - c. What is the units digit of d?
4
Let n(j) = -32*j**3 - 9*j**2 - 13*j - 6. What is the units digit of n(-5)?
4
Let c = 17 - 17. What is the units digit of 61 - ((-6)/(-2) + c) - 3?
5
Suppose -2*y + c = -2491, y - 42*c - 1241 = -46*c. What is the units digit of y?
5
Let j be 282 - (2 - (-2 - -4)). Suppose -j = -2*m + 4*g + g, -3*g + 119 = m. What is the hundreds digit of m?
1
Let c(h) = -2*h - 1. Let x be c(-4). Let r(q) = 4*q - 12. Let m be r(x). Let z = m - 9. What is the units digit of z?
7
Let y(x) = 4*x**2 - 14*x - 38. What is the tens digit of y(22)?
9
Let a(k) = 899*k - 60. What is the tens digit of a(1)?
3
Let n(y) = y**3 + 14*y**2 - y - 8. What is the hundreds digit of n(-8)?
3
Suppose -5*i - 4*p + 4317 = 0, 3*i - 3640 + 1049 = -2*p. What is the tens digit of i?
6
Let a be 4 - (6 + -2 + -3). Suppose -2*p + 2*t + a + 9 = 0, -62 = -5*p - 3*t. What is the tens digit of p?
1
Let k(g) be the first derivative of g**3/3 + 3*g - 6. What is the tens digit of k(5)?
2
Let s = 922 + 113. What is the hundreds digit of s?
0
Suppose 11412 = 4*g + 8*g. What is the units digit of g?
1
Let u be 6 - 0 - 3 - -38. Let z = 9 - 5. Suppose 0*m - u = -3*r - 4*m, -2*r + 34 = z*m. What is the units digit of r?
7
Suppose -3*f - 2 = 10. Let v(g) = 3*g**2 - g + 4. What is the units digit of v(f)?
6
Suppose w - 1788 = -2*w. What is the hundreds digit of w?
5
Let v(j) = j**2 + 15*j + 48. Let h be v(-14). Suppose 490 = 4*l + h. What is the units digit of l?
4
Let c = 1425 - 804. What is the tens digit of c?
2
Suppose -3*h = -2*h - 432. Suppose 3*n - 114 = h. What is the hundreds digit of n?
1
Suppose 10*d - 1028 = 1072. What is the hundreds digit of d?
2
Let z be (-4)/6 - (-352)/24. Suppose d + z = 107. What is the tens digit of d?
9
What is the units digit of (-1694)/(-28)*(-12)/(-1)?
6
Let k = -3 + 3. What is the tens digit of (-20825)/(-102) + (k - 2/12)?
0
Let b(a) = a**3 - 6*a**2 + a + 6. Let c(z) = -z**2 + 11*z - 18. Let s be c(8). What is the units digit of b(s)?
2
Let q(l) = 9*l - 22. Suppose -49 = -2*i - f, -i = -0*i - 2*f - 12. Let m = i - 13. What is the tens digit of q(m)?
5
Suppose 0 = 7*w - 24*w + 15861. What is the tens digit of w?
3
Let i(t) = 1 - 7 + 0 - 29*t + 7. Suppose 2*m = -a - 6 - 3, 2 = 2*a - m. What is the units digit of i(a)?
0
Suppose -687 = -3*c - 3*l, c - 3*l + 223 = 2*c. What is the tens digit of c?
3
Let w(m) = m**3 - 14*m**2 - 2*m + 16. Let d be w(14). Let u be (-2453)/(-66) + 2/d. Let a = 94 - u. What is the units digit of a?
7
What is the hundreds digit of 1123 + -64 - 1*(-4)/1?
0
Suppose 41*u - 62*u + 26145 = 0. What is the hundreds digit of u?
2
Suppose -33*m 